{"id":6062,"date":"2023-09-21T13:43:45","date_gmt":"2023-09-21T11:43:45","guid":{"rendered":"https:\/\/mariesezceramics.com\/?post_type=product&#038;p=6062"},"modified":"2023-12-16T19:14:48","modified_gmt":"2023-12-16T18:14:48","slug":"assiette-creuse-gamelle-bleu","status":"publish","type":"product","link":"https:\/\/mariesezceramics.com\/index.php\/product\/assiette-creuse-gamelle-bleu\/","title":{"rendered":"Assiette Creuse &#8211; Gamelle Bleu"},"content":{"rendered":"<p>Bienvenue dans mon univers artistique consacr\u00e9 \u00e0 l&rsquo;art de la table, o\u00f9 je suis ravi de vous pr\u00e9senter ces assiettes creuses en forme de gamelle, fa\u00e7onn\u00e9es au tour de potier.<\/p>\n<p>Chacune de ces assiettes est une pi\u00e8ce unique, impr\u00e9gn\u00e9e de l&rsquo;\u00e2me de l&rsquo;artisanat et d&rsquo;une touche cr\u00e9ative. Le contraste entre le bleu fonc\u00e9 \u00e0 l&rsquo;ext\u00e9rieur et le bleu turquoise \u00e0 l&rsquo;int\u00e9rieur offre une esth\u00e9tique \u00e9l\u00e9gante et captivante.<\/p>\n<p>Ces assiettes creuses ont \u00e9t\u00e9 con\u00e7ues avec minutie pour transformer chaque repas en une exp\u00e9rience visuelle et gustative exceptionnelle.<\/p>\n<p>Offrez-vous ces pi\u00e8ces d&rsquo;exception pour sublimer vos pr\u00e9sentations culinaires et \u00e9merveiller vos convives. Ne manquez pas cette occasion de poss\u00e9der des assiettes uniques en leur genre, cr\u00e9\u00e9es avec passion pour les arts de la table.<\/p>\n<p>Commandez d\u00e8s maintenant ces assiettes faites main et ajoutez une touche de design original \u00e0 vos repas, pour des moments gastronomiques m\u00e9morables.<\/p>\n","protected":false},"excerpt":{"rendered":"<p>D\u00e9couvrez ces assiettes creuses en forme de gamelle, r\u00e9alis\u00e9es au tour de potier. Leur ext\u00e9rieur bleu fonc\u00e9 contraste magnifiquement avec un int\u00e9rieur en bleu turquoise. Des pi\u00e8ces uniques qui transforment chaque repas en une exp\u00e9rience exceptionnelle. Commandez maintenant pour une touche d&rsquo;originalit\u00e9 \u00e0 votre table.<\/p>\n","protected":false},"featured_media":6063,"comment_status":"open","ping_status":"closed","template":"","meta":{"site-sidebar-layout":"default","site-content-layout":"default","ast-site-content-layout":"","site-content-style":"default","site-sidebar-style":"default","ast-global-header-display":"","ast-banner-title-visibility":"","ast-main-header-display":"","ast-hfb-above-header-display":"","ast-hfb-below-header-display":"","ast-hfb-mobile-header-display":"","site-post-title":"","ast-breadcrumbs-content":"","ast-featured-img":"","footer-sml-layout":"","theme-transparent-header-meta":"default","adv-header-id-meta":"","stick-header-meta":"","header-above-stick-meta":"","header-main-stick-meta":"","header-below-stick-meta":"","astra-migrate-meta-layouts":"default","ast-page-background-enabled":"default","ast-page-background-meta":{"desktop":{"background-color":"","background-image":"","background-repeat":"repeat","background-position":"center center","background-size":"auto","background-attachment":"scroll","background-type":"","background-media":"","overlay-type":"","overlay-color":"","overlay-gradient":""},"tablet":{"background-color":"","background-image":"","background-repeat":"repeat","background-position":"center center","background-size":"auto","background-attachment":"scroll","background-type":"","background-media":"","overlay-type":"","overlay-color":"","overlay-gradient":""},"mobile":{"background-color":"","background-image":"","background-repeat":"repeat","background-position":"center center","background-size":"auto","background-attachment":"scroll","background-type":"","background-media":"","overlay-type":"","overlay-color":"","overlay-gradient":""}},"ast-content-background-meta":{"desktop":{"background-color":"var(--ast-global-color-5)","background-image":"","background-repeat":"repeat","background-position":"center center","background-size":"auto","background-attachment":"scroll","background-type":"","background-media":"","overlay-type":"","overlay-color":"","overlay-gradient":""},"tablet":{"background-color":"var(--ast-global-color-5)","background-image":"","background-repeat":"repeat","background-position":"center center","background-size":"auto","background-attachment":"scroll","background-type":"","background-media":"","overlay-type":"","overlay-color":"","overlay-gradient":""},"mobile":{"background-color":"var(--ast-global-color-5)","background-image":"","background-repeat":"repeat","background-position":"center center","background-size":"auto","background-attachment":"scroll","background-type":"","background-media":"","overlay-type":"","overlay-color":"","overlay-gradient":""}}},"product_brand":[],"product_cat":[45,37],"product_tag":[],"class_list":{"0":"post-6062","1":"product","2":"type-product","3":"status-publish","4":"has-post-thumbnail","6":"product_cat-assiette","7":"product_cat-art-de-la-table","8":"product_shipping_class-forfait-europe","9":"desktop-align-center","10":"tablet-align-center","11":"mobile-align-center","13":"first","14":"instock","15":"purchasable","16":"product-type-simple"},"jetpack_sharing_enabled":true,"_links":{"self":[{"href":"https:\/\/mariesezceramics.com\/index.php\/wp-json\/wp\/v2\/product\/6062","targetHints":{"allow":["GET"]}}],"collection":[{"href":"https:\/\/mariesezceramics.com\/index.php\/wp-json\/wp\/v2\/product"}],"about":[{"href":"https:\/\/mariesezceramics.com\/index.php\/wp-json\/wp\/v2\/types\/product"}],"replies":[{"embeddable":true,"href":"https:\/\/mariesezceramics.com\/index.php\/wp-json\/wp\/v2\/comments?post=6062"}],"version-history":[{"count":1,"href":"https:\/\/mariesezceramics.com\/index.php\/wp-json\/wp\/v2\/product\/6062\/revisions"}],"predecessor-version":[{"id":6067,"href":"https:\/\/mariesezceramics.com\/index.php\/wp-json\/wp\/v2\/product\/6062\/revisions\/6067"}],"wp:featuredmedia":[{"embeddable":true,"href":"https:\/\/mariesezceramics.com\/index.php\/wp-json\/wp\/v2\/media\/6063"}],"wp:attachment":[{"href":"https:\/\/mariesezceramics.com\/index.php\/wp-json\/wp\/v2\/media?parent=6062"}],"wp:term":[{"taxonomy":"product_brand","embeddable":true,"href":"https:\/\/mariesezceramics.com\/index.php\/wp-json\/wp\/v2\/product_brand?post=6062"},{"taxonomy":"product_cat","embeddable":true,"href":"https:\/\/mariesezceramics.com\/index.php\/wp-json\/wp\/v2\/product_cat?post=6062"},{"taxonomy":"product_tag","embeddable":true,"href":"https:\/\/mariesezceramics.com\/index.php\/wp-json\/wp\/v2\/product_tag?post=6062"}],"curies":[{"name":"wp","href":"https:\/\/api.w.org\/{rel}","templated":true}]}}